
17
What is the value of (-34 - -44) + 9 - (11 + -4 - 6)?
18
Calculate (-4 - 21) + (252 + -241 - (1 + 23)) + 3.
-35
What is 44 - ((-9 - -4) + 3 + (-17 - 9) + 15)?
57
What is the value of -49 + 9 + 15 + (-43 - -26)?
-42
What is the value of 17743 + -17786 + (3 - 5) + -25?
-70
Calculate 18 + (33 - (14 + -42)) - 21.
58
Evaluate -10 + -17 + 18 + 14 + -4.
1
What is the value of (47 + -9 + -83 - (0 - -18)) + -4?
-67
(-3 - 3 - 6) + (-13 - 17) + 25 + 9
-8
40 + 9 + 24 + -91
-18
Evaluate -13 + 0 - (0 - (0 - -3)) - (358 + -299).
-69
(-43 - -1) + (-22 + (52 - 14) - (26 + -2))
-50
What is the value of 14 + 14 + -11 + 24 + -63 - 48?
-70
Evaluate -2 + 124 + -104 + (0 + -2 - -13).
29
What is the value of -70 + (-2 - 6 - ((36 - 41) + 3))?
-76
What is (105 - 36) + -71 - (0 - 8)?
6
3 + (246 + -236 - (8 - 0))
5
Evaluate (-164 + 88 - (-1 - -1)) + 6 + 3 + -10.
-77
Evaluate 16 + (67 + -54 - (3 - -17)).
9
Calculate -6 + (2 - -4 - -1) + (20 - (3 + -18)).
36
What is the value of (-13 - (10 + 4)) + 5 - (10 + -5)?
-27
(69 + -21 - 33) + (6 - (122 - (-6 - 0)))
-107
Evaluate (-54 - -93) + -53 + -1 + 24 - 17.
-8
Calculate 2725 + -2747 + -2 + 1.
-23
Calculate -1 + 3 + 4 + 15 + (19 - 30).
10
Calculate (-1558 - -1611) + (-119 - 3).
-69
Calculate 239 - 89 - 163 - (-93 + -2).
82
What is 197 + (12 - (95 + 22))?
92
2 + 129 - (-4 - (99 + -126) - (0 - -29))
137
(-12 - (-44 - (-17 - 4))) + -59
-48
What is -3 + 1 + 95 + (-3 - -7) + 810 + -823?
84
What is the value of -93 - (-157 + 62 + 53)?
-51
What is 15 + (-18 - ((-6 - -15) + -24)) + -17?
-5
Evaluate -95 + -7 + -7 + (24 - 12 - -16).
-81
What is the value of -62 - 44 - -78 - 28?
-56
Evaluate -59 - ((-47 - 11) + -52).
51
Calculate 59 + 31 + -118 - 15.
-43
25 - (25 + -9 + 33) - -11
-13
What is the value of (0 - -3) + (51 - 43) + -1 + -7?
3
(-42 - (34 + -62) - -2) + (-1 - -12)
-1
What is the value of 100 + -99 + (6 - -61 - 0) + 0 - -14?
82
What is the value of (4 - 205) + (1688 - 1547)?
-60
What is (-14 + 14 - -25) + (4 - 0 - 5)?
24
What is 103 - 125 - (-23 - 19)?
20
What is the value of 6 - 5 - (-10 - -22 - (14 - -30))?
33
What is (2384 - 2447) + 2 + -7?
-68
What is 89 + 50 + 42 + -101 + 29 + -2?
107
Evaluate 5 - (66 + -44 + -1).
-16
What is 131 + -7 + -80 + 40 + 30?
114
What is 129 + 31 + -93 + -16?
51
What is the value of 1 + -5 - (-149 - -147) - 21?
-23
What is the value of 14 + 0 + 2 + -59 + (4 - (3 - 1))?
-41
(30 - 87) + (-1 - -4) - (1 + -1)
-54
What is the value of (3 - (-18 - 14)) + (-22 - -6)?
19
Calculate 10 - 37 - (-22 - -23).
-28
Calculate -3 + 1 + (-13 - -11) + -12 + 56.
40
Calculate (1843 - 1819) + (2 - 65).
-39
What is the value of -54 + 6 + -18 - -36?
-30
Evaluate 1 + -12 - ((-136 - -38) + (15 - -3)).
69
Calculate 18 + -14 + -16 + -18 - 24.
-54
-13 + 6 + 2 - (4 + (-8 - 3 - -11))
-9
What is 69 - (-9 + -1 - (-4 + -8 + 1))?
68
What is the value of (1 + 30 - (197 - 201) - 27) + 2 + -56?
-46
(6 + -14 - -24) + -23 + 19 + 5
17
1 + (4 - (-5 + 6)) - (-19 - 2 - -27)
-2
What is the value of 15 - (0 + 11 + -6) - (-4 + 109)?
-95
What is 36 - ((6 - 24) + 10)?
44
What is the value of 9 + -57 + (56 - 39) - 61?
-92
Evaluate -31 - (-38 + 5 + 43).
-41
Evaluate 2012 + -2018 - ((-4 - -2) + -7).
3
-105 - (-19 + 6 + (28 + -11 + -11 - -4))
-102
What is the value of -41 - -2 - ((-107 - -118) + (-12 - -5))?
-43
Calculate 9 + 65 + (-12 - 4) + 9 + 1 + -5.
63
What is the value of 62 - 57 - (-74 + 0) - (-35 - -40)?
74
Evaluate (-21 - (62 + -44)) + -22 - -40.
-21
Evaluate -15 + 50 + -110 - (-14 + 1).
-62
What is the value of -13 + -9 + 2 + 10 + 0 + 50?
40
Evaluate -19 - (6 + -6 - (-44 - 36)) - 4.
-103
-15 + (-14 + 21 - -37)
29
What is -19 + -3 - ((10 - (12 + 3)) + 2) - 14?
-33
Calculate -22 + 81 - (1360 - 1192).
-109
What is (97 - 187) + (-36 - -28 - (-7 - 0))?
-91
What is the value of 15 + 3 + 11 + -32 - 5?
-8
39 + -33 + 38 + -43
1
What is the value of 2 + -3 + 21 + (16 - 25)?
11
Evaluate 128 + (52 - (110 - -34)).
36
Evaluate (34 - 15 - 1 - 1) + -126.
-109
Evaluate -123 + (210 + -40 - 4).
43
What is the value of -33 + (6 - -4) - -17 - (55 - 0)?
-61
52 + -13 + 42 + -29
52
What is the value of (54 + -34 - (-16 - -4)) + (0 - 1)?
31
Evaluate 52 + (-40 - (-11 + -33)).
56
Calculate -17 - (-33 + 18 + 20 + -12).
-10
What is (-15 - 0 - ((-84 - -34) + 41)) + (2 - 63)?
-67
Calculate (111 - (-3 + 12)) + 14 + -35 - 10.
71
Calculate (15 - (13 + -4)) + 13 - 16.
3
What is the value of -319 + 330 - (-1 + 52) - -10?
-30
What is 12 + 6 + -11 - 74 - (14 - (1 + 21))?
-59
Evaluate (-4 - 36) + (3 - 25 - (-15 + 8)).
-55
What is the value of 0 + -18 + (67 - (171 - 80))?
-42
Evaluate (65 - (-6 + 68)) + (0 - -3) + -1 + -30.
-25
Calculate 13 + 11 + (-2 + 7 - 2 - (-122 - -81)).
68
What is the value of 108 + (0 + -19 + 153 + -142 - 6)?
94
What is -95 + -35 + 2 + 19 + -3 + 0?
-112
What is 1880 - 2036 - (1 + -145)?
-12
57 + 1 - (-2 + 34) - (-8 - -1)
33
Calculate -1896 + 1956 + -1 + -100.
-41
Calculate (-42 - (-2 + -42 + -6)) + -3.
5
What is the value of -128 - (54 - 134) - ((-2 - -1) + 11 - 2)?
-56
-19 - (26 - -130 - 99)
-76
What is (-4 - (-1 - 11)) + -35 + -3 + (-3 - -14)?
-19
5 + -3 + -54 + (2 - -5) + -20 + 31
-34
What is -643 + 506 - (-118 + 14)?
-33
Evaluate (-206 - -222) + (-2 - -48).
62
(14 - -23) + -174 + 8 + 10
-119
Evaluate (-120 - (-32 + -18)) + (29 - 28) + (7 - 0).
-62
(-17 - (15 + -13)) + (17 - 24) + -1
-27
Calculate (-16 - (-6 + 15 + -1) - -13) + -33 + 1.
-43
(-776 - -766 - (0 - (1 + 17))) + -7 + -126
-125
-73 + 125 + -88 + 95
59
What is the value of (14 - (10 - 1)) + (1 - (-7 + -62))?
75
Calculate (-10 - 0) + 14 + -6 + 5.
3
What is 0 - -14 - (-90 - -101 - (-2 + 21))?
22
Calculate (1 - (9 + 2 + 9)) + 2 + -14.
-31
Evaluate 14 + (-2 + 22 - 2) + 13 + 0.
45
What is the value of -14 + 0 + -62 + (-39 - -9) + 84?
-22
What is the value of (20 - (33 - 19) - 18) + 12?
0
-6 + -5 - (14 + -1 - (29 + 0))
5
-79 - (3 + 5 + 0 - 33)
-54
What is 16 + 6 - (143 - 149)?
28
What is 28 + 135 + (19 - (-32 - -95))?
119
Calculate -86 - (-61 + (86 - 51)).
-60
What is the value of 0 - (-1 + 25 + (8 - 4) + (-46 - -38))?
-20
Calculate -21 + 41 - 9 - 8 - -6.
9
What is the value of 64 + 9 + 41 + (-26 - 23) + -9 + 0?
56
What is the value of (-4 - (0 - -3)) + (-33 - (-18 - -27))?
-49
Evaluate -45 - (-52 + 43 + -46).
10
Evaluate 3 + -6 - 12 - -3 - (170 - 154).
-28
What is (5 - -118) + -3 + 1 - (9165 + -9177)?
133
What is the value of 117 + ((12 - 3) + (1 + 0 - -3) - 12)?
118
Evaluate -88 + (-3 - -26) + -11 + 13 + -16.
-79
What is -1 + (3 - -8) + (-15 + -2 - (36 + 30))?
-73
Calculate -3 + -3 - (-13 + -40 - -12) - 7.
28
What is -16 + (-16 - (-39 - -4)) + 12 + -3 - -53?
65
What is -14 - (-19 - 27 - -45)?
-13
Evaluate 30 + (14 - (-3 - -13 - 7) - 25).
16
What is the value of (2 - 0) + 0 + (15 - 21) + -28 - -3?
-29
(114 - 2 - (831 + -822)) + -15
88
What is 72 + -80 - -50 - (21 + 1)?
20
Calculate (33 + -21 + -7 + -19 - -10) + (0 - 26).
-30
What is the value of (-34 - -63) + -22 + (-37 - -1)?
-29
120 + -112 + (124 - 68)
64
Evaluate 53 + 51 + -82 + -15.
7
14 + (0 - -8 - (34 + -3 + 32))
-41
What is the value of -3 + 6 + 0 - -10 - (49 + -16)?
-20
15 + -111 + 87 + 2 + -38
-45
32 - (109 + 34 + -23)
-88
What is (0 + 1 + 3 - (-30 - (6 - 42))) + -25?
-27
Evaluate -377 + 317 - (-2 - 55) - (-1 + 102).
-104
What is -31 + (-56 - (-6 + -1 + -13))?
-67
What is 29 - (0 + 26 - (88 + -114))?
-23
Evaluate (-73 - -91) + -19 - (0 + -10) - (5 - -86).
-82
What is (113 - 50 - 64) + 7 + 26 + 2?
34
What is the value of (-82 - -84) + 0 + -1 + -5 - -6?
2
-2 + 12 + (1126 - 1141)
-5
What is the value of -27 + (21 - -4) - 32 - -38?
4
Calculate (-1 - 4) + -7 + -6 + 29 + -3 + 73.
81
(20 - 162) + 48 - -53
-41
Evaluate 31 + -11 + 27 + -36 - (2 - -7).
2
Evaluate 40 + 1 - (-516 + 557) - -67.
67
-4 + 8 + (-9 + -8 + 6 - (6 - -3))
-16
What is (11 - (-21 - -29 - 11 - 48)) + 10 + -2?
70
Evaluate 12 + 128 + -6 + (-17 - -27 - 7) + -13.
124
(-3 - (-2 - 4)) + -45 + 94 + (2 - 4)
50
What is the value of (0 + -6 - (-1559 + 1522)) + -35 - (-41 + -1)?
38
(-5 - -12 - 91) + -32 + 58
-58
Evaluate 71 + -100 - -86 - (-2 + 16).
43
What is the value of (-56 - -2) + -82 + 83 - -15?
-38
What is 11 + -177 + 157 + (0 - -19)?
10
What is the value of -12 + (4 - 2) - (-35 + (41 + -12 - 9))?
5
What is 0 + 5 + -12 + -97 + 153?
49
What is the value of (-2 - 9) + (1 - -2) + 